Select a Year or Month report
Report for 2020 Jan
Monthly Climatological Summary for Jan 2020
Name: Cheadle Hulme City: Cheadle State: Cheshire
Elevation: 261 ft Lat: N 53° 21' 50" Lon: W 002° 11' 42"
Temperature (°C), Rain (in), Wind Speed (mph)
Heat Cool Avg
Mean Deg Deg Wind Dom
Day Temp High Time Low Time Days Days Rain Speed High Time Dir
----------------------------------------------------------------------------------
1 6.3 8.0 23:51 4.3 17:27 12.0 0.0 0.00 3.8 16.0 23:46 SSE
2 8.3 10.4 22:37 6.1 06:27 10.0 0.0 0.01 9.4 28.0 20:30 S
3 6.9 10.2 00:00 4.9 08:25 11.4 0.0 0.03 6.5 23.0 15:20 W
4 7.3 8.9 12:16 5.8 00:00 11.0 0.0 0.00 6.5 23.0 12:13 W
5 8.1 10.4 12:59 6.0 01:20 10.2 0.0 0.01 7.0 19.0 20:16 S
6 7.7 9.1 14:04 5.2 23:57 10.5 0.0 0.06 8.4 31.0 14:36 S
7 9.6 13.2 18:10 4.9 02:06 8.7 0.0 0.01 9.3 30.0 15:25 S
8 9.1 12.1 00:00 5.7 23:49 9.2 0.0 0.20 4.9 21.0 06:10 WSW
9 6.7 10.9 06:06 4.9 01:16 11.6 0.0 0.13 6.6 26.0 06:23 WSW
10 5.5 8.8 14:02 2.4 07:24 12.8 0.0 0.00 5.2 22.0 19:27 S
11 10.0 12.1 17:03 7.3 00:00 8.3 0.0 0.46 11.2 32.0 10:16 S
12 7.4 8.9 00:57 5.2 21:18 10.9 0.0 0.23 4.8 22.0 13:56 SW
13 6.5 9.0 15:19 4.6 04:59 11.8 0.0 0.24 11.1 45.0 16:57 SSE
14 7.5 12.9 16:05 5.1 01:36 10.8 0.0 0.15 9.5 44.0 14:40 S
15 6.8 9.2 14:05 5.6 05:30 11.5 0.0 0.00 8.3 23.0 22:28 S
16 8.8 11.7 19:09 5.9 04:02 9.5 0.0 0.01 11.6 46.0 15:22 SSE
17 5.9 8.6 00:00 3.2 23:50 12.4 0.0 0.27 4.8 23.0 09:39 SSW
18 3.6 7.7 13:18 0.3 23:50 14.7 0.0 0.01 3.3 20.0 13:37 W
19 0.7 4.1 13:05 -2.3 08:51 17.6 0.0 0.01 0.6 6.0 03:27 SSE
20 3.2 8.7 13:55 -0.7 04:17 15.1 0.0 0.00 1.9 10.0 14:21 SSW
21 5.7 7.5 21:14 2.4 00:36 12.6 0.0 0.01 1.2 8.0 21:25 SW
22 8.1 9.2 12:34 7.1 23:37 10.2 0.0 0.02 0.5 5.0 21:51 W
23 6.9 7.7 11:26 6.2 05:08 11.4 0.0 0.01 1.4 10.0 20:40 SW
24 7.1 7.7 12:23 6.7 00:49 11.2 0.0 0.03 2.3 11.0 09:47 WNW
25 6.4 7.3 23:34 5.5 08:26 11.9 0.0 0.02 5.1 16.0 11:37 S
26 6.9 8.7 13:11 4.0 22:31 11.4 0.0 0.11 6.6 26.0 10:47 S
27 5.6 7.0 13:35 4.5 08:19 12.7 0.0 0.06 7.0 22.0 01:38 S
28 4.1 7.0 12:56 1.8 05:09 14.2 0.0 0.21 6.4 30.0 12:48 WSW
29 6.7 8.9 13:01 3.2 03:53 11.6 0.0 0.13 6.6 24.0 01:10 WSW
30 9.4 11.7 17:10 7.4 06:30 8.9 0.0 0.00 8.6 30.0 19:01 SSW
31 10.5 12.7 14:58 7.3 02:12 7.8 0.0 0.06 9.2 26.0 11:06 S
----------------------------------------------------------------------------------
6.9 13.2 7 -2.3 19 353.9 0.0 2.49 6.1 46.0 16 SSW
Max >= 27.0: 0
Max <= 0.0: 0
Min <= 0.0: 2
Min <= -18.0: 0
Max Rain: 0.46 on day 11
Days of Rain: 17 (>= 0.02 in) 10 (>= 0.10 in) 0 (>= 1.00 in)
Heat Base: 18.3 Cool Base: 18.3 Method: Integration