Select a Year or Month report
Report for 2024 Mar
Monthly Climatological Summary for Mar 2024
Name: Cheadle Hulme City: Cheadle State: Cheshire
Elevation: 261 ft Lat: N 53° 21' 50" Lon: W 002° 11' 42"
Temperature (°C), Rain (in), Wind Speed (mph)
Heat Cool Avg
Mean Deg Deg Wind Dom
Day Temp High Time Low Time Days Days Rain Speed High Time Dir
----------------------------------------------------------------------------------
1 3.5 7.8 15:29 1.3 22:17 14.8 0.0 0.12 5.5 26.0 07:15 ESE
2 3.6 6.8 14:29 1.1 06:13 14.7 0.0 0.17 2.7 17.0 16:10 E
3 4.4 10.3 15:06 1.3 05:37 13.9 0.0 0.00 3.0 12.0 03:29 SSE
4 5.1 10.4 13:08 -1.6 05:10 13.2 0.0 0.00 6.6 29.0 18:45 ESE
5 6.9 13.1 15:16 1.8 23:48 11.4 0.0 0.00 2.0 20.0 00:14 SSE
6 5.4 12.3 12:46 0.1 04:06 12.8 0.0 0.00 2.4 13.0 12:41 ESE
7 5.9 8.5 13:21 3.4 05:31 12.4 0.0 0.00 6.4 24.0 18:37 E
8 5.8 7.7 13:10 4.0 01:27 12.5 0.0 0.00 7.8 26.0 19:55 ENE
9 7.1 11.7 15:06 5.2 04:02 11.2 0.0 0.00 9.4 25.0 03:03 NE
10 7.2 8.5 10:50 6.0 23:07 11.1 0.0 0.04 7.0 24.0 18:05 NE
11 6.9 8.3 15:27 5.9 23:54 11.4 0.0 0.00 3.2 15.0 05:35 NNE
12 9.8 13.8 13:13 5.9 00:00 8.5 0.0 0.27 6.6 21.0 06:40 SSE
13 11.9 13.2 15:12 10.9 23:19 6.4 0.0 0.08 11.2 29.0 09:12 S
14 11.7 13.3 14:15 10.4 05:12 6.6 0.0 0.09 9.5 23.0 12:25 SSE
15 9.6 12.4 11:17 6.1 23:57 8.7 0.0 0.16 8.3 25.0 04:05 SW
16 6.9 10.6 12:56 1.5 06:55 11.4 0.0 0.07 4.9 20.0 17:50 SE
17 11.6 15.6 14:00 8.9 23:25 6.7 0.0 0.09 6.2 20.0 18:24 S
18 10.7 16.2 13:51 6.0 06:08 7.6 0.0 0.00 7.2 22.0 23:42 SSE
----------------------------------------------------------------------------------
7.4 16.2 18 -1.6 4 195.3 0.0 1.09 6.1 29.0 4 SE
Max >= 27.0: 0
Max <= 0.0: 0
Min <= 0.0: 1
Min <= -18.0: 0
Max Rain: 0.27 on day 12
Days of Rain: 9 (>= 0.02 in) 4 (>= 0.10 in) 0 (>= 1.00 in)
Heat Base: 18.3 Cool Base: 18.3 Method: Integration